rs of 938369718?
2, 3, 11, 13, 137, 887
List the prime factors of 2977924692.
2, 3, 89, 271, 10289
What are the prime factors of 5968688707?
37, 73, 317, 6971
List the prime factors of 1204472857.
7, 467, 368453
List the prime factors of 1109383908.
2, 3, 92448659
What are the prime factors of 107853066?
2, 3, 17, 6911
What are the prime factors of 625498365?
3, 5, 383, 108877
List the prime factors of 534021873.
3, 7, 11, 199, 11617
What are the prime factors of 864178175?
5, 7, 4938161
List the prime factors of 40408166.
2, 20204083
List the prime factors of 264583649.
11, 24053059
What are the prime factors of 320469260?
2, 5, 127, 281, 449
What are the prime factors of 14639701?
47, 67, 4649
List the prime factors of 161197064.
2, 7, 19, 23, 941
List the prime factors of 609843396.
2, 3, 50820283
What are the prime factors of 2843209626?
2, 3, 71, 6674201
What are the prime factors of 2023922452?
2, 43, 181, 65011
What are the prime factors of 45295173?
3, 7, 11, 21787
What are the prime factors of 2444648777?
151, 311, 52057
What are the prime factors of 4169193359?
4169193359
What are the prime factors of 73268266?
2, 17, 2154949
List the prime factors of 203403017.
509, 399613
List the prime factors of 55200695.
5, 11, 59, 17011
List the prime factors of 196878790.
2, 5, 271, 72649
List the prime factors of 222249080.
2, 5, 19, 229, 1277
List the prime factors of 864260472.
2, 3, 36010853
What are the prime factors of 402638685?
3, 5, 26842579
List the prime factors of 2868359488.
2, 44818117
What are the prime factors of 314382382?
2, 157191191
What are the prime factors of 154155245?
5, 541, 56989
List the prime factors of 212878972.
2, 179, 297317
What are the prime factors of 21432747?
3, 7, 211, 691
What are the prime factors of 531309796?
2, 132827449
List the prime factors of 289140045.
3, 5, 71, 83, 3271
List the prime factors of 2924858851.
2924858851
What are the prime factors of 7819682518?
2, 22921, 170579
List the prime factors of 64097051.
19, 269, 12541
What are the prime factors of 474110782?
2, 1657, 143063
List the prime factors of 11221696.
2, 67, 2617
What are the prime factors of 70124799?
3, 47, 497339
List the prime factors of 334441670.
2, 5, 461, 72547
List the prime factors of 2179231907.
503, 4332469
List the prime factors of 294771630.
2, 3, 5, 151, 65071
List the prime factors of 37410629.
61, 613289
What are the prime factors of 5904341137?
43, 137310259
List the prime factors of 58709583.
3, 101, 21529
What are the prime factors of 529642136?
2, 433, 152899
List the prime factors of 57625635.
3, 5, 3841709
List the prime factors of 1699832751.
3, 941, 602137
List the prime factors of 161665858.
2, 80832929
List the prime factors of 3180767572.
2, 5981, 132953
What are the prime factors of 405023717?
7, 57860531
List the prime factors of 42838350.
2, 3, 5, 19, 15031
List the prime factors of 53893009.
17, 186481
What are the prime factors of 355220325?
3, 5, 769, 2053
List the prime factors of 26712226.
2, 103, 129671
List the prime factors of 89270711.
79, 571, 1979
What are the prime factors of 124670127?
3, 31, 59, 22721
List the prime factors of 2592600547.
13063, 198469
What are the prime factors of 584723644?
2, 709, 206179
List the prime factors of 22320345.
3, 5, 19, 78317
List the prime factors of 2672129.
103, 25943
What are the prime factors of 2285906927?
4337, 527071
List the prime factors of 41192491.
41192491
What are the prime factors of 95059015?
5, 19011803
List the prime factors of 4658975981.
11, 173, 2448227
What are the prime factors of 49327264?
2, 7, 41, 131
List the prime factors of 139901723.
13, 10761671
List the prime factors of 1055987795.
5, 19, 2621, 4241
List the prime factors of 2132180696.
2, 179, 1488953
List the prime factors of 4654186988.
2, 11, 23, 4598999
List the prime factors of 601718017.
47, 433, 29567
What are the prime factors of 324027066?
2, 3, 11, 31, 158371
What are the prime factors of 39642934?
2, 359, 55213
What are the prime factors of 619941323?
29, 163, 131149
What are the prime factors of 48060349?
48060349
List the prime factors of 970072681.
970072681
List the prime factors of 120688990.
2, 5, 131, 181, 509
List the prime factors of 295528640.
2, 5, 11, 59, 1423
List the prime factors of 1912794089.
1912794089
List the prime factors of 2278890636.
2, 3, 11, 181, 95383
What are the prime factors of 190709910?
2, 3, 5, 17, 41549
What are the prime factors of 106537300?
2, 5, 17, 29, 2161
List the prime factors of 137920936.
2, 47, 366811
What are the prime factors of 918909468?
2, 3, 8508421
What are the prime factors of 72789745?
5, 7, 42443
What are the prime factors of 17711871?
3, 179, 32983
What are the prime factors of 111763974?
2, 3, 7, 101, 26347
What are the prime factors of 1732642589?
643, 2694623
What are the prime factors of 2821682?
2, 31, 71, 641
List the prime factors of 162955700.
2, 5, 1629557
List the prime factors of 329259317.
329259317
List the prime factors of 11793935.
5, 37, 1723
List the prime factors of 431769569.
7, 11, 83, 67559
What are the prime factors of 563320730?
2, 5, 7, 41, 196279
What are the prime factors of 352409076?
2, 3, 3263047
What are the prime factors of 451675617?
3, 109, 1381271
What are the prime factors of 142918019?
19, 199, 37799
What are the prime factors of 9473629?
11, 861239
What are the prime factors of 242212282?
2, 13, 349, 26693
List the prime factors of 340471105.
5, 13, 1699, 3083
What are the prime factors of 7275198482?
2, 31, 37, 3171403
What are the prime factors of 3000928850?
2, 5, 47, 349, 3659
What are the prime factors of 3874052313?
3, 143483419
List the prime factors of 1684672.
2, 11, 2393
What are the prime factors of 2500044225?
3, 5, 7, 17, 19, 23, 641
What are the prime factors of 4008063713?
271, 14789903
What are the prime factors of 178256665?
5, 31, 47, 24469
List the prime factors of 199637313.
3, 19, 3502409
What are the prime factors of 667863700?
2, 5, 7, 17, 56123
What are the prime factors of 6335848?
2, 457, 1733
List the prime factors of 72009271.
72009271
What are the prime factors of 48955758?
2, 3, 31, 43, 6121
List the prime factors of 9643008.
2, 3, 43, 73
List the prime factors of 42216746.
2, 11, 13, 17, 19, 457
What are the prime factors of 407592893?
407592893
List the prime factors of 394435157.
139, 331, 8573
What are the prime factors of 511181640?
2, 3, 5, 37, 38377
What are the prime factors of 60393588?
2, 3, 17, 296047
List the prime factors of 370479537.
3, 19, 2166547
List the prime factors of 108705483.
3, 149, 9007
List the prime factors of 39037600.
2, 5, 7, 6971
What are the prime factors of 105412613?
751, 140363
What are the prime factors of 1042485295?
5, 6211, 33569
What are the prime factors of 268107224?
2, 7, 11, 97, 641
List the prime factors of 329153411.
419, 785569
What are the prime factors of 31299916?
2, 19, 411841
List the prime factors of 632030780.
2, 5, 31601539
What are the prime factors of 688417360?
2, 5, 8605217
List the prime factors of 2369996.
2, 29, 20431
What are the prime factors of 175699821?
3, 11, 19, 280223
What are the prime factors of 94221898?
2, 47110949
What are the prime factors of 1057067733?
3, 277, 1272043
What are the prime factors of 683095253?
683095253
What are the prime factors of 65905688?
2, 997, 8263
List the prime factors of 75363004.
2, 43, 83, 5279
List the prime factors of 3208004296.
2, 7, 57285791
What are the prime factors of 10940498?
2, 5470249
What are the prime factors of 12315815?
5, 2463163
What are the prime factors of 609521534?
2, 304760767
List the prime factors of 65856775.
5, 173, 15227
List the prime factors of 1475261182.
2, 1087, 678593
What are the prime factors of 4835157036?
2, 3, 359, 1122367
What are the prime factors of 6293097452?
2, 61, 25791383
What are the prime factors of 436601928?
2, 3, 7, 157, 16553
List the prime factors of 343058672.
2, 11, 37, 139, 379
What are the prime factors of 36665935?
5, 709, 10343
What are the prime factors of 61727411?
61727411
List the prime factors of 732684915.
3, 5, 37, 431, 1021
List the prime factors of 799072.
2, 24971
List the prime factors of 191395749.
3, 41, 79, 19697
List the prime factors of 196127777.
191, 10